 = 1 + 366*u**2 - 372*u**2 + 7 - u**3 + 1 - 5. What is q(n)?
4
Let b(l) = 15*l. Let a(t) = -2*t**2 + 36*t - 1. Let c(g) = -2*a(g) + 5*b(g). Calculate c(-1).
3
Let d(w) = -4*w**3 + 17*w**2 - 19*w - 15. Let t(m) = 5*m**3 - 18*m**2 + 18*m + 16. Let x(f) = 4*d(f) + 3*t(f). Calculate x(12).
12
Let w(o) = o**3 + 18*o**2 - 90*o - 57. Let i be w(-22). Let n(s) = -4*s - 110. Calculate n(i).
-58
Let j(d) = -50*d - 479. Let o(n) = -26*n - 238. Let l(p) = -2*j(p) + 5*o(p). Let m be l(-8). Let i(u) = -u**3 + 7*u**2 + 10*u + 4. What is i(m)?
20
Let z(n) = -n. Let m(d) = 2*d**3 - 7*d**2 - 3*d. Let r = -38 + 42. Let w be m(r). Let h(o) = 5*o**2 - 4*o - 2. Let t(x) = w*z(x) - h(x). Determine t(2).
-18
Let b(i) = 18*i + 93. Let m(n) = -n**3 - 2*n**2 + 62*n - 14. Let d be m(-9). What is b(d)?
3
Let n(u) = u**3 + 4*u**2 - 14*u - 8. Let z be (-7)/(-7)*5/(5/(-6)). Let f be n(z). Let j(q) = -7*q - q**3 - q**2 + 8 + 3*q**2 + 4*q**2 - 3. Give j(f).
9
Let v(c) be the third derivative of -c**6/120 - c**5/15 + c**4/12 - c**3 - 383*c**2 - 3*c + 3. Suppose 3*r - n = 2*n - 12, -8 = r + 3*n. Calculate v(r).
9
Let s be -2*9/6 + 2 + 10. Suppose -15*i = s*i. Let y(r) = r**2. Give y(i).
0
Let o(n) be the second derivative of n**6/15 - n**3/6 + 49*n**2/2 - 24*n. Let j(f) be the first derivative of o(f). Calculate j(-1).
-9
Let d(f) be the third derivative of f**5/30 - 5*f**4/24 + f**3/2 - 64*f**2 - 4*f. Let o(v) = 7*v**2 - 12*v + 11. Let w be o(1). Determine d(w).
45
Let h be (18 + 2)/(8/28) - 1. Let x(o) = -70 + 138 + o - h. Let c(t) = -t**3 + 4*t**2 + 4*t - 6. Let z(r) = c(r) - 6*x(r). Give z(3).
3
Let n(t) = t**2 - 8. Let j(k) = -15*k - 121. Let x be j(-21). Suppose -164 = -5*f - x. Determine n(f).
28
Let s(d) = -505521*d + 505521*d + 5*d**3. Let v be 0/(2/(-2)) + 1. Calculate s(v).
5
Let n = -5 + -4. Let x(q) = 5*q - 25. Let z(b) = -b + 5*b + 6 - 2*b - 3*b. Let j(f) = n*z(f) - 2*x(f). Give j(-6).
2
Let m be (-1)/((-4)/(-36)) + -1. Let h(i) be the second derivative of -1/6*i**3 + 0 - 9/2*i**2 + 5*i. Give h(m).
1
Suppose 1682 = 13*r - 476. Let o = -174 + r. Let n(y) = y + 6. Determine n(o).
-2
Let n = 29 - 29. Suppose n = -2*f + 8*f - 12. Let s(m) = 9*m + m + m**f - m. Give s(-9).
0
Let u(l) be the first derivative of l**3/3 + 14*l**2 + 142*l - 4790. Give u(-6).
10
Let m(o) be the second derivative of -5*o**3/6 - o**2 + 41*o - 164. Suppose 2 = -y - y. Determine m(y).
3
Let h(p) be the first derivative of p**4/4 - 4*p**3/3 - 21*p**2/2 + 5*p + 9937. Give h(7).
5
Let x be (81/(-5) - 6/(-5))*-1. Let i be (-3)/4*(-5 + 35/x). Let l(w) = 4*w**2 - 3*w + 3. Calculate l(i).
13
Let t(w) = -2*w**3 - 2*w**2 + 1. Let i(x) = 9*x + 3. Let d be i(1). Let l(h) = -2*h + 23. Let n be l(d). Give t(n).
1
Let h(r) = r**3 - 4*r**2 + 8*r + 10. Let x be h(6). Let g(w) = -w - 2 - 132*w**3 - x*w**3 + 261*w**3. Give g(0).
-2
Let a = -139 - -141. Let j(q) = -q + 7 + q**2 + q**3 - 3*q**2 - 6 + 4*q**a. Calculate j(-3).
-5
Let a = 8 - -21. Suppose -2*d + d - a = -3*g, 4*d = 2*g - 16. Let i(y) = -g*y - 10*y**3 + 7*y**2 + 2*y + 5 + 9*y**3. What is i(6)?
-7
Let m(k) = 5*k**3 + 2*k**2 + 2*k + 1. Let c(y) = -y**3 - y. Let j(h) = 9*c(h) + 2*m(h). Determine j(2).
16
Let n(j) = 11*j**3 - j**2 - j + 1. Let u(r) = -9*r**3 + 2*r**2 - r + 1. Let z be u(-2). Let x = 1462 + -1378. Let l = x - z. Calculate n(l).
10
Let h(p) = 20*p**2 + 3*p + 5. Let z be h(-1). Let s(t) = -z + 8 - 3*t + 9. Give s(4).
-17
Let c(q) be the third derivative of q**5/60 + 3*q**4/8 + 5*q**3/6 - 2*q**2. Let d(x) = 8*x - x**2 + 8 - 11 + 9*x + 15. Let a be d(18). Calculate c(a).
-13
Let j(c) be the first derivative of c**3/3 + 7*c**2/2 - c - 784. Let k = -2 + 7. Suppose r - 3*a = 4, 2*r = 3*r + k*a + 20. Give j(r).
-11
Let c(n) = 7*n - 55. Let o(k) = k**3 + 26*k**2 + 9. Let s be o(-26). What is c(s)?
8
Let c be (-28)/18 - 16/36. Let z be (2/c)/(4/(-48) + 0). Let o(y) = y - 9. Give o(z).
3
Let b(c) = c**2 + 3*c. Let x be (-3 - -2)/((-1)/(-7)) + -11 + 21. Give b(x).
18
Let b(k) be the third derivative of -61*k**5/60 - k**4/6 + k**3/2 + 838*k**2 + 2*k - 2. Calculate b(1).
-62
Let b(g) = 12*g - g + 972 - 6*g - 1070. Determine b(25).
27
Let q(d) be the second derivative of -2*d**3/3 + d**2/2 + d - 2238. Determine q(8).
-31
Let i(m) = -45*m - m**3 + 16*m + 17*m - 13*m**2 + 4 + 8*m**2 + 20*m + 0. Let x = -16 + 10. What is i(x)?
-8
Let g(h) = 11*h - 1. Let a be 1332/135 + (-1)/((-30)/4). Suppose -2*i + d = 5*d + a, -2*d - 3 = 3*i. Let v be ((4 - i) + -2)/(-1). Determine g(v).
-12
Let k(s) = -s**3 + 7*s**2 - 7. Let o be (-2 + 5/3)/((-52)/62868). Suppose 39 = -52*d + o. Determine k(d).
-7
Let i(g) = g + 5*g**2 + 2*g - 1 - 926*g**3 + 927*g**3 - g. Let h be (6 - 8) + 4/(-2). Give i(h).
7
Let q be (-1 + 0)*0/2. Let l(n) = -n. Let h be l(q). Let f(m) be the first derivative of -m**4/4 - m**3/3 - m**2/2 - 4*m - 60. Determine f(h).
-4
Let b(s) = -s**2 + 9*s - 7. Let x(v) = -3*v**2 + 28*v - 22. Let d(o) = -7*b(o) + 2*x(o). Suppose -6*n + 164 = 122. Determine d(n).
5
Let x(z) = -z**2 + 10*z - 25. Suppose 112*y - 1350 = -113*y. Determine x(y).
-1
Let c(d) = -d**3 + 3*d**2 + 3*d - 2. Let g be c(3). Let p(h) be the first derivative of h**2 - 6*h + 64. What is p(g)?
8
Let i = -3935 + 47225/12. Let u(m) be the second derivative of 0 + 0*m**3 + i*m**4 + 31*m - m**2. Determine u(2).
18
Let s = -47 + 99. Suppose 12*c - s = -c. Let m(t) = t + 5. Give m(c).
9
Let n(o) = -10*o + 51. Let q be ((-4454)/(-306) - (-16)/36) + -4. What is n(q)?
-59
Let y be 2 - 0 - (3 - 1). Suppose y = -2*o - 5*w, -w + 18 = -o + 5*o. Let b(x) = -x**3 + 5*x**2 + 2*x - 4. Give b(o).
6
Suppose -3*g + r = -31, -3*g = 206*r - 209*r - 45. Let u(z) = -3*z + 42. What is u(g)?
18
Let u = 16 + -14. Let q(n) = 5*n + u + 3 + 5*n - 7 - 4*n. What is q(3)?
16
Let s(f) = f**3 + 5*f**2 - 7*f. Let c(i) = i + 9. Let k(q) = -15*q**3. Let a(y) = y + 3. Let x be a(-2). Let t be k(x). Let d be c(t). What is s(d)?
6
Let n = -160 - -157. Let z(s) = -2*s**3 - 4*s**2 - 3. Calculate z(n).
15
Let m(n) = n**2 + 2*n + 4. Suppose 0 = 4*q - 6*q + 3*z + 11, 3*q - 2*z - 24 = 0. Suppose 45 = -25*r + q*r. Determine m(r).
7
Let w(p) be the first derivative of -p**3/3 - p**2/2 - 3*p - 200. Suppose 2*q = q. What is w(q)?
-3
Let c(q) = 10*q**2 - 3*q - q**3 + 43 - 96 + 5*q + 40. Let h(t) = t**3 - 6*t**2 - 8*t + 13. Let y be h(7). Suppose -5*l - y + 56 = 0. What is c(l)?
7
Let d(f) = -f**3 - 4*f**2 + 2*f + 6. Let r(k) = -k**3 - 9*k**2 - 16*k + 9. Let i be r(-7). Suppose -28 + i = -h. Suppose -2*v + h*v = -12. Determine d(v).
-2
Let t(w) = -31*w + 260. Let s(x) = 23*x - 197. Let g(d) = 11*s(d) + 8*t(d). Give g(15).
-12
Let y(k) = -7*k**2 - 44*k + 39. Let q(g) = -16*g**2 - 98*g + 78. Let t(b) = -3*q(b) + 7*y(b). Determine t(-16).
7
Let w be 11/2*(-24)/(-12). Let p(m) = -2*m - 11. Let f(g) = -g + 1. Let u(t) = -4*f(t) + p(t). Calculate u(w).
7
Let f(g) = 2*g**2 + 6*g + 3. Suppose -u = -3*a + 79 + 168, 0 = -4*u - a - 1027. Let b = u - -252. Determine f(b).
11
Let q = -72 + 59. Let k = q - -68. Suppose -40 + k = 3*g. Let u(p) = -p - 3. Calculate u(g).
-8
Let t(b) be the second derivative of 5/2*b**2 + 0 - 4/3*b**3 + 1/12*b**4 + 60*b. Determine t(6).
-7
Let x be -10 + (1*-2 - -1). Let i(o) = o + 5. Let u(y) be the third derivative of y**4/24 + y**3/3 + 2*y**2 - 200*y. Let a(p) = -3*i(p) + 2*u(p). What is a(x)?
0
Suppose 4*u + 5*h = -7, -3*u - 7 = -8*u - h. Let q(j) = -1 - 797*j**2 - 1 + 798*j**u + 8 + 0 + 12*j. Give q(-9).
-21
Let j(s) = -s**3 + 2*s**2 - 5*s + 12. Let r be j(3). Let q(h) = 3*h**2 + 37*h + 12. What is q(r)?
0
Let x(m) = m**2 - 38*m + 221. Suppose 15 = 2*g + 1. Let t be x(g). Let h(s) be the second derivative of -s**3/3 + s**2 - s. Calculate h(t).
-6
Suppose -4*z + 2 = -2*c, -6*z + 2*c - 1 = -3*z. Let y(l) = -l**2 + 7*l - 868 + 290 + 286 + 290 + 0*l**2. What is y(z)?
10
Suppose 6*u - 5*u = s - 5, u + 7 = 3*s. Let a be (-6)/(-12)*-2 + s + -2. Let w(c) = 2 + 0*c**2 - c**2 - c**2. What is w(a)?
-6
Let i(s) = 90*s**3 + s**2 + 19*s + 8. Let w(k) = 41*k**3 + 2*k**2 + 10*k + 3. Let h(n) = -5*i(n) + 11*w(n). Suppose 0*x + 64 = -4*x. Determine h(x).
9
Let u be (-48)/(-40) - 4/(-5). Let d(z) = 0*z**2 - 3*z**u - 2*z - 5*z**3 + 3*z - 1 + 2*z**2. What is d(-2)?
33
Let v be (-1)/(-1) + 0/3. Let q(z) = -6*z**3 - 2*z**2 + 11*z - 3. Let u(c) = -28*